{"id":1728,"date":"2021-02-19T13:24:54","date_gmt":"2021-02-19T13:24:54","guid":{"rendered":"https:\/\/www.blaubookshop.com\/produto\/import-placeholder-for-106\/"},"modified":"2024-08-14T19:18:24","modified_gmt":"2024-08-14T19:18:24","slug":"joelho-n-o-06","status":"publish","type":"product","link":"https:\/\/www.blaubookshop.com\/en\/product\/joelho-n-o-06\/","title":{"rendered":"Joelho 06 &#8211; The Built Heritage Debat"},"content":{"rendered":"<p>Coord. Jorge Figueira, Rui Lobo, Adelino Gon\u00e7alves, Gon\u00e7alo Canto MonizFormada em 2010, a Rede PHI Patrim\u00f3nio Hist\u00f3rico+Cultural Ibero-americano \u00e9 uma rede internacional que a partir da divulga\u00e7\u00e3o digital da investiga\u00e7\u00e3o realizada por estudantes e docentes prop\u00f5e uma actua\u00e7\u00e3o estrat\u00e9gica, diagn\u00f3stico, reflex\u00e3o e proposta, sobre este legado comum.A Universidade de Coimbra, atrav\u00e9s do Departamento de Arquitetura da Faculdade de Ci\u00eancias e Tecnologia, \u00e9 uma das universidades fundadoras desta Rede que integra a Universidade Polit\u00e9cnica de Madrid (Espanha), a Universidade Federal de Minas Gerais (Brasil), a Universidade Nacional Aut\u00f3noma (M\u00e9xico), a Universidade Nacional del Litoral (Argentina), a Pontif\u00edcia Cat\u00f3lica (Per\u00fa), a Universidade Pontif\u00edcia Javeriana de Bogot\u00e1 (Col\u00f4mbia), a Universidade de Valparaiso (Chile) e vir\u00e1 tamb\u00e9m a integrar a Universidade de N\u00e1poles (It\u00e1lia), a Universidade de San Carlos (Guatemala) e a Universidade da Rep\u00fablica (Uruguai).\u00c9 objetivo desta rede o desenvolvimento de um sistema inovador de informa\u00e7\u00e3o para a cataloga\u00e7\u00e3o e divulga\u00e7\u00e3o do patrim\u00f3nio, enquanto instrumento de pesquisa e de ajuda na tomada de decis\u00f5es dos principais agentes de coopera\u00e7\u00e3o e das institui\u00e7\u00f5es p\u00fablicas ou privadas interessadas em programas de investimento no campo da reabilita\u00e7\u00e3o, conserva\u00e7\u00e3o e prote\u00e7\u00e3o do patrim\u00f3nio.Num semin\u00e1rio que decorreu, em Coimbra, no dia 28 de Abril de 2014, na Casa da Escrita, teve lugar a funda\u00e7\u00e3o da Rede PHI Portugal, com a participa\u00e7\u00e3o da Escola de Arquitetura da Universidade do Minho, da Faculdade de Arquitetura da Universidade do Porto, da Escola Superior Art\u00edstica do Porto, do Curso de Arquitetura do ISCTE-IUL e do Departamento de Arquitetura do Instituto Superior T\u00e9cnico. A Rede PHI Portugal ir\u00e1 promover o debate nas escolas e centros de investiga\u00e7\u00e3o sobre o patrim\u00f3nio Portugu\u00eas, particularmente o que incide no quadro da cultura Ibero-Americana, com vista \u00e0 participa\u00e7\u00e3o na Rede PHI internacional. Em Novembro de 2015, o Departamento de Arquitetura da FCTUC organizou uma Reuni\u00e3o Internacional da Rede PHI, que teve lugar em Coimbra nos dias 18, 19 e 20.Foi um evento que integrou uma reuni\u00e3o interna da Rede e um encontro p\u00fablico que incidiu sobre a diversidade cultural de perspectivas sobre a interven\u00e7\u00e3o em patrim\u00f3nio, contando com a importante presen\u00e7a de professores provenientes das referidas universidades internacionais e nacionais.Ambos os acontecimentos, o de Abril e o de Novembro, s\u00e3o agora retratados neste n\u00famero da JOELHO \u2013 Revista de Cultura Arquitet\u00f3nica. Neste quadro, decidimos lan\u00e7ar um call for papers, cujos resultados agora se publicam, dedicado \u00e0 \u201cquest\u00e3o do patrim\u00f3nio\u201d. O patrim\u00f3nio, a sua reabilita\u00e7\u00e3o \/preserva\u00e7\u00e3o \/destrui\u00e7\u00e3o, transformou-se numa quest\u00e3o central do nosso tempo. Mas de que falamos, quando falamos de patrim\u00f3nio? Na \u00faltima d\u00e9cada, o conceito-a\u00e7\u00e3o Paisagem Urbana Hist\u00f3rica tem sido o centro deste debate, defendendo-se que a mudan\u00e7a \u00e9 uma caracter\u00edstica inerente da condi\u00e7\u00e3o urbana e que os bens patrimonializados devem ser objeto de uma gest\u00e3o integrada visando um desenvolvimento sustent\u00e1vel e n\u00e3o apenas sujeitos a medidas de prote\u00e7\u00e3o<\/p>","protected":false},"excerpt":{"rendered":"<p>Jorge Figueira, Rui Lobo, Adelino Gon\u00e7alves, Gon\u00e7alo Canto Moniz (eds.)<br \/>\nISSN: 1647954800006<br \/>\nedarq<br \/>\nBrochura, 184 pp, 18 x 24 cm<br \/>\nEnglish<br \/>\n25-12-2015<\/p>","protected":false},"featured_media":807,"template":"","meta":{"ocean_post_layout":"","ocean_both_sidebars_style":"","ocean_both_sidebars_content_width":0,"ocean_both_sidebars_sidebars_width":0,"ocean_sidebar":"0","ocean_second_sidebar":"0","ocean_disable_margins":"enable","ocean_add_body_class":"","ocean_shortcode_before_top_bar":"","ocean_shortcode_after_top_bar":"","ocean_shortcode_before_header":"","ocean_shortcode_after_header":"","ocean_has_shortcode":"","ocean_shortcode_after_title":"","ocean_shortcode_before_footer_widgets":"","ocean_shortcode_after_footer_widgets":"","ocean_shortcode_before_footer_bottom":"","ocean_shortcode_after_footer_bottom":"","ocean_display_top_bar":"default","ocean_display_header":"default","ocean_header_style":"","ocean_center_header_left_menu":"0","ocean_custom_header_template":"0","ocean_custom_logo":0,"ocean_custom_retina_logo":0,"ocean_custom_logo_max_width":0,"ocean_custom_logo_tablet_max_width":0,"ocean_custom_logo_mobile_max_width":0,"ocean_custom_logo_max_height":0,"ocean_custom_logo_tablet_max_height":0,"ocean_custom_logo_mobile_max_height":0,"ocean_header_custom_menu":"0","ocean_menu_typo_font_family":"0","ocean_menu_typo_font_subset":"","ocean_menu_typo_font_size":0,"ocean_menu_typo_font_size_tablet":0,"ocean_menu_typo_font_size_mobile":0,"ocean_menu_typo_font_size_unit":"px","ocean_menu_typo_font_weight":"","ocean_menu_typo_font_weight_tablet":"","ocean_menu_typo_font_weight_mobile":"","ocean_menu_typo_transform":"","ocean_menu_typo_transform_tablet":"","ocean_menu_typo_transform_mobile":"","ocean_menu_typo_line_height":0,"ocean_menu_typo_line_height_tablet":0,"ocean_menu_typo_line_height_mobile":0,"ocean_menu_typo_line_height_unit":"","ocean_menu_typo_spacing":0,"ocean_menu_typo_spacing_tablet":0,"ocean_menu_typo_spacing_mobile":0,"ocean_menu_typo_spacing_unit":"","ocean_menu_link_color":"","ocean_menu_link_color_hover":"","ocean_menu_link_color_active":"","ocean_menu_link_background":"","ocean_menu_link_hover_background":"","ocean_menu_link_active_background":"","ocean_menu_social_links_bg":"","ocean_menu_social_hover_links_bg":"","ocean_menu_social_links_color":"","ocean_menu_social_hover_links_color":"","ocean_disable_title":"default","ocean_disable_heading":"default","ocean_post_title":"","ocean_post_subheading":"","ocean_post_title_style":"","ocean_post_title_background_color":"","ocean_post_title_background":0,"ocean_post_title_bg_image_position":"","ocean_post_title_bg_image_attachment":"","ocean_post_title_bg_image_repeat":"","ocean_post_title_bg_image_size":"","ocean_post_title_height":0,"ocean_post_title_bg_overlay":0.5,"ocean_post_title_bg_overlay_color":"","ocean_disable_breadcrumbs":"default","ocean_breadcrumbs_color":"","ocean_breadcrumbs_separator_color":"","ocean_breadcrumbs_links_color":"","ocean_breadcrumbs_links_hover_color":"","ocean_display_footer_widgets":"default","ocean_display_footer_bottom":"default","ocean_custom_footer_template":"0"},"product_brand":[],"product_cat":[52,195,51,201],"product_tag":[],"class_list":{"0":"post-1728","1":"product","2":"type-product","3":"status-publish","4":"has-post-thumbnail","6":"product_cat-arquitectura-pt","7":"product_cat-ensaios","8":"product_cat-livros-em-portugues-pt","9":"product_cat-revistas-arquitectura-pt","11":"entry","12":"has-media","14":"first","15":"instock","16":"sale","17":"taxable","18":"shipping-taxable","19":"purchasable","20":"product-type-simple","21":"col","22":"span_1_of_3","23":"owp-content-left","24":"owp-thumbs-layout-horizontal","25":"owp-btn-normal","26":"owp-tabs-layout-horizontal","27":"has-no-thumbnails","28":"circle-sale"},"_links":{"self":[{"href":"https:\/\/www.blaubookshop.com\/en\/wp-json\/wp\/v2\/product\/1728","targetHints":{"allow":["GET"]}}],"collection":[{"href":"https:\/\/www.blaubookshop.com\/en\/wp-json\/wp\/v2\/product"}],"about":[{"href":"https:\/\/www.blaubookshop.com\/en\/wp-json\/wp\/v2\/types\/product"}],"version-history":[{"count":4,"href":"https:\/\/www.blaubookshop.com\/en\/wp-json\/wp\/v2\/product\/1728\/revisions"}],"predecessor-version":[{"id":5943,"href":"https:\/\/www.blaubookshop.com\/en\/wp-json\/wp\/v2\/product\/1728\/revisions\/5943"}],"wp:featuredmedia":[{"embeddable":true,"href":"https:\/\/www.blaubookshop.com\/en\/wp-json\/wp\/v2\/media\/807"}],"wp:attachment":[{"href":"https:\/\/www.blaubookshop.com\/en\/wp-json\/wp\/v2\/media?parent=1728"}],"wp:term":[{"taxonomy":"product_brand","embeddable":true,"href":"https:\/\/www.blaubookshop.com\/en\/wp-json\/wp\/v2\/product_brand?post=1728"},{"taxonomy":"product_cat","embeddable":true,"href":"https:\/\/www.blaubookshop.com\/en\/wp-json\/wp\/v2\/product_cat?post=1728"},{"taxonomy":"product_tag","embeddable":true,"href":"https:\/\/www.blaubookshop.com\/en\/wp-json\/wp\/v2\/product_tag?post=1728"}],"curies":[{"name":"wp","href":"https:\/\/api.w.org\/{rel}","templated":true}]}}

<p>Coord. Jorge Figueira, Rui Lobo, Adelino Gonçalves, Gonçalo Canto MonizFormada em 2010, a Rede PHI Património Histórico+Cultural Ibero-americano é uma rede internacional que a partir da divulgação digital da investigação realizada por estudantes e docentes propõe uma actuação estratégica, diagnóstico, reflexão e proposta, sobre este legado comum.A Universidade de Coimbra, através do Departamento de Arquitetura da Faculdade de Ciências e Tecnologia, é uma das universidades fundadoras desta Rede que integra a Universidade Politécnica de Madrid (Espanha), a Universidade Federal de Minas Gerais (Brasil), a Universidade Nacional Autónoma (México), a Universidade Nacional del Litoral (Argentina), a Pontifícia Católica (Perú), a Universidade Pontifícia Javeriana de Bogotá (Colômbia), a Universidade de Valparaiso (Chile) e virá também a integrar a Universidade de Nápoles (Itália), a Universidade de San Carlos (Guatemala) e a Universidade da República (Uruguai).É objetivo desta rede o desenvolvimento de um sistema inovador de informação para a catalogação e divulgação do património, enquanto instrumento de pesquisa e de ajuda na tomada de decisões dos principais agentes de cooperação e das instituições públicas ou privadas interessadas em programas de investimento no campo da reabilitação, conservação e proteção do património.Num seminário que decorreu, em Coimbra, no dia 28 de Abril de 2014, na Casa da Escrita, teve lugar a fundação da Rede PHI Portugal, com a participação da Escola de Arquitetura da Universidade do Minho, da Faculdade de Arquitetura da Universidade do Porto, da Escola Superior Artística do Porto, do Curso de Arquitetura do ISCTE-IUL e do Departamento de Arquitetura do Instituto Superior Técnico. A Rede PHI Portugal irá promover o debate nas escolas e centros de investigação sobre o património Português, particularmente o que incide no quadro da cultura Ibero-Americana, com vista à participação na Rede PHI internacional. Em Novembro de 2015, o Departamento de Arquitetura da FCTUC organizou uma Reunião Internacional da Rede PHI, que teve lugar em Coimbra nos dias 18, 19 e 20.Foi um evento que integrou uma reunião interna da Rede e um encontro público que incidiu sobre a diversidade cultural de perspectivas sobre a intervenção em património, contando com a importante presença de professores provenientes das referidas universidades internacionais e nacionais.Ambos os acontecimentos, o de Abril e o de Novembro, são agora retratados neste número da JOELHO – Revista de Cultura Arquitetónica. Neste quadro, decidimos lançar um call for papers, cujos resultados agora se publicam, dedicado à “questão do património”. O património, a sua reabilitação /preservação /destruição, transformou-se numa questão central do nosso tempo. Mas de que falamos, quando falamos de património? Na última década, o conceito-ação Paisagem Urbana Histórica tem sido o centro deste debate, defendendo-se que a mudança é uma característica inerente da condição urbana e que os bens patrimonializados devem ser objeto de uma gestão integrada visando um desenvolvimento sustentável e não apenas sujeitos a medidas de proteção</p>

<p>Jorge Figueira, Rui Lobo, Adelino Gonçalves, Gonçalo Canto Moniz (eds.)<br />
ISSN: 1647954800006<br />
edarq<br />
Brochura, 184 pp, 18 x 24 cm<br />
English<br />
25-12-2015</p>
