{"id":4652,"date":"2021-05-21T09:28:53","date_gmt":"2021-05-21T09:28:53","guid":{"rendered":"https:\/\/www.blaubookshop.com\/produto\/arquitectura-tradicional-no-mediterraneo-ocidental-1o-congresso-internacional\/"},"modified":"2024-08-15T09:37:00","modified_gmt":"2024-08-15T09:37:00","slug":"arquitectura-tradicional-no-mediterraneo-ocidental-1o-congresso-internacional","status":"publish","type":"product","link":"https:\/\/www.blaubookshop.com\/en\/product\/arquitectura-tradicional-no-mediterraneo-ocidental-1o-congresso-internacional\/","title":{"rendered":"Arquitectura Tradicional no Mediterr\u00e2neo Ocidental \/            1\u00ba Congresso Internacional"},"content":{"rendered":"<p>Esta publica\u00e7\u00e3o re\u00fane os 3<br \/>\nartigos dos oradores convidados e as 30 comunica\u00e7\u00f5es apresentadas no 1\u00ba Congresso<br \/>\nInternacional dedicado \u00e0 arquitectura tradicional no Mediterr\u00e2neo Ocidental, que decorreu em M\u00e9rtola em Maio de 2015.<br \/>\nO Congresso envolveu a participa\u00e7\u00e3o de mais de 50 palestrantes oriundos de Portugal,<br \/>\nEspanha, Marrocos, Tun\u00edsia, It\u00e1lia, L\u00edbia, Alemanha e Brasil, enquadrado no projecto<br \/>\n\u201cArquitectura Tradicional da Vila e do Termo de M\u00e9rtola\u201d, desenvolvido pelo Campo<br \/>\nArqueol\u00f3gico de M\u00e9rtola\/CEAACP em colabora\u00e7\u00e3o com a Universidade do Algarve e a<br \/>\nC\u00e2mara Municipal de M\u00e9rtola.<br \/>\nA arquitectura tradicional \u00e9 um dos temas privilegiados nos estudos contempor\u00e2neos<br \/>\nem torno da cultura mediterr\u00e2nea.<br \/>\nEsta co-edi\u00e7\u00e3o Argumentum \/ Campo Arqueol\u00f3gico de M\u00e9rtola cont\u00e9m artigos em<br \/>\nPortugu\u00eas, Espanhol, Italiano, Franc\u00eas e Ingl\u00eas.<\/p>","protected":false},"excerpt":{"rendered":"<p>Esta publica\u00e7\u00e3o re\u00fane os 3 artigos dos oradores convidados e as 30 comunica\u00e7\u00f5es apresentadas no 1\u00ba Congresso Internacional dedicado \u00e0 arquitectura tradicional no Mediterr\u00e2neo Ocidental, que decorreu em M\u00e9rtola em Maio de 2015. O Congresso envolveu a participa\u00e7\u00e3o de mais de 50 palestrantes oriundos de Portugal, Espanha, Marrocos, Tun\u00edsia, It\u00e1lia, L\u00edbia, Alemanha e Brasil, enquadrado [&hellip;]<\/p>\n","protected":false},"featured_media":4612,"template":"","meta":{"ocean_post_layout":"","ocean_both_sidebars_style":"","ocean_both_sidebars_content_width":0,"ocean_both_sidebars_sidebars_width":0,"ocean_sidebar":"","ocean_second_sidebar":"","ocean_disable_margins":"enable","ocean_add_body_class":"","ocean_shortcode_before_top_bar":"","ocean_shortcode_after_top_bar":"","ocean_shortcode_before_header":"","ocean_shortcode_after_header":"","ocean_has_shortcode":"","ocean_shortcode_after_title":"","ocean_shortcode_before_footer_widgets":"","ocean_shortcode_after_footer_widgets":"","ocean_shortcode_before_footer_bottom":"","ocean_shortcode_after_footer_bottom":"","ocean_display_top_bar":"default","ocean_display_header":"default","ocean_header_style":"","ocean_center_header_left_menu":"","ocean_custom_header_template":"","ocean_custom_logo":0,"ocean_custom_retina_logo":0,"ocean_custom_logo_max_width":0,"ocean_custom_logo_tablet_max_width":0,"ocean_custom_logo_mobile_max_width":0,"ocean_custom_logo_max_height":0,"ocean_custom_logo_tablet_max_height":0,"ocean_custom_logo_mobile_max_height":0,"ocean_header_custom_menu":"","ocean_menu_typo_font_family":"","ocean_menu_typo_font_subset":"","ocean_menu_typo_font_size":0,"ocean_menu_typo_font_size_tablet":0,"ocean_menu_typo_font_size_mobile":0,"ocean_menu_typo_font_size_unit":"px","ocean_menu_typo_font_weight":"","ocean_menu_typo_font_weight_tablet":"","ocean_menu_typo_font_weight_mobile":"","ocean_menu_typo_transform":"","ocean_menu_typo_transform_tablet":"","ocean_menu_typo_transform_mobile":"","ocean_menu_typo_line_height":0,"ocean_menu_typo_line_height_tablet":0,"ocean_menu_typo_line_height_mobile":0,"ocean_menu_typo_line_height_unit":"","ocean_menu_typo_spacing":0,"ocean_menu_typo_spacing_tablet":0,"ocean_menu_typo_spacing_mobile":0,"ocean_menu_typo_spacing_unit":"","ocean_menu_link_color":"","ocean_menu_link_color_hover":"","ocean_menu_link_color_active":"","ocean_menu_link_background":"","ocean_menu_link_hover_background":"","ocean_menu_link_active_background":"","ocean_menu_social_links_bg":"","ocean_menu_social_hover_links_bg":"","ocean_menu_social_links_color":"","ocean_menu_social_hover_links_color":"","ocean_disable_title":"default","ocean_disable_heading":"default","ocean_post_title":"","ocean_post_subheading":"","ocean_post_title_style":"","ocean_post_title_background_color":"","ocean_post_title_background":0,"ocean_post_title_bg_image_position":"","ocean_post_title_bg_image_attachment":"","ocean_post_title_bg_image_repeat":"","ocean_post_title_bg_image_size":"","ocean_post_title_height":0,"ocean_post_title_bg_overlay":0.5,"ocean_post_title_bg_overlay_color":"","ocean_disable_breadcrumbs":"default","ocean_breadcrumbs_color":"","ocean_breadcrumbs_separator_color":"","ocean_breadcrumbs_links_color":"","ocean_breadcrumbs_links_hover_color":"","ocean_display_footer_widgets":"default","ocean_display_footer_bottom":"default","ocean_custom_footer_template":""},"product_brand":[],"product_cat":[51,67],"product_tag":[],"class_list":{"0":"post-4652","1":"product","2":"type-product","3":"status-publish","4":"has-post-thumbnail","6":"product_cat-livros-em-portugues-pt","7":"product_cat-patrimonio-pt","9":"entry","10":"has-media","12":"first","13":"outofstock","14":"sale","15":"taxable","16":"shipping-taxable","17":"purchasable","18":"product-type-simple","19":"col","20":"span_1_of_3","21":"owp-content-left","22":"owp-thumbs-layout-horizontal","23":"owp-btn-normal","24":"owp-tabs-layout-horizontal","25":"has-no-thumbnails","26":"circle-sale"},"_links":{"self":[{"href":"https:\/\/www.blaubookshop.com\/en\/wp-json\/wp\/v2\/product\/4652","targetHints":{"allow":["GET"]}}],"collection":[{"href":"https:\/\/www.blaubookshop.com\/en\/wp-json\/wp\/v2\/product"}],"about":[{"href":"https:\/\/www.blaubookshop.com\/en\/wp-json\/wp\/v2\/types\/product"}],"version-history":[{"count":1,"href":"https:\/\/www.blaubookshop.com\/en\/wp-json\/wp\/v2\/product\/4652\/revisions"}],"predecessor-version":[{"id":5987,"href":"https:\/\/www.blaubookshop.com\/en\/wp-json\/wp\/v2\/product\/4652\/revisions\/5987"}],"wp:featuredmedia":[{"embeddable":true,"href":"https:\/\/www.blaubookshop.com\/en\/wp-json\/wp\/v2\/media\/4612"}],"wp:attachment":[{"href":"https:\/\/www.blaubookshop.com\/en\/wp-json\/wp\/v2\/media?parent=4652"}],"wp:term":[{"taxonomy":"product_brand","embeddable":true,"href":"https:\/\/www.blaubookshop.com\/en\/wp-json\/wp\/v2\/product_brand?post=4652"},{"taxonomy":"product_cat","embeddable":true,"href":"https:\/\/www.blaubookshop.com\/en\/wp-json\/wp\/v2\/product_cat?post=4652"},{"taxonomy":"product_tag","embeddable":true,"href":"https:\/\/www.blaubookshop.com\/en\/wp-json\/wp\/v2\/product_tag?post=4652"}],"curies":[{"name":"wp","href":"https:\/\/api.w.org\/{rel}","templated":true}]}}

Arquitectura Tradicional no Mediterrâneo Ocidental /            1º Congresso Internacional

<p>Esta publicação reúne os 3<br />
artigos dos oradores convidados e as 30 comunicações apresentadas no 1º Congresso<br />
Internacional dedicado à arquitectura tradicional no Mediterrâneo Ocidental, que decorreu em Mértola em Maio de 2015.<br />
O Congresso envolveu a participação de mais de 50 palestrantes oriundos de Portugal,<br />
Espanha, Marrocos, Tunísia, Itália, Líbia, Alemanha e Brasil, enquadrado no projecto<br />
“Arquitectura Tradicional da Vila e do Termo de Mértola”, desenvolvido pelo Campo<br />
Arqueológico de Mértola/CEAACP em colaboração com a Universidade do Algarve e a<br />
Câmara Municipal de Mértola.<br />
A arquitectura tradicional é um dos temas privilegiados nos estudos contemporâneos<br />
em torno da cultura mediterrânea.<br />
Esta co-edição Argumentum / Campo Arqueológico de Mértola contém artigos em<br />
Português, Espanhol, Italiano, Francês e Inglês.</p>

<p>Esta publicação reúne os 3 artigos dos oradores convidados e as 30 comunicações apresentadas no 1º Congresso Internacional dedicado à arquitectura tradicional no Mediterrâneo Ocidental, que decorreu em Mértola em Maio de 2015. O Congresso envolveu a participação de mais de 50 palestrantes oriundos de Portugal, Espanha, Marrocos, Tunísia, Itália, Líbia, Alemanha e Brasil, enquadrado [&hellip;]</p>
