{"id":5245,"date":"2021-06-24T15:34:51","date_gmt":"2021-06-24T15:34:51","guid":{"rendered":"https:\/\/www.blaubookshop.com\/produto\/biagio-rossetti\/"},"modified":"2021-06-25T11:05:38","modified_gmt":"2021-06-25T11:05:38","slug":"biagio-rossetti","status":"publish","type":"product","link":"https:\/\/www.blaubookshop.com\/en\/product\/biagio-rossetti\/","title":{"rendered":"Biagio Rossetti"},"content":{"rendered":"<p>Floren\u00e7a, Roma e Pienza marcaram os primeiros passos para a consci\u00eancia dos processos de concep\u00e7\u00e3o colectiva das formas urbanas. Os arquitectos do renascimento da cultura cl\u00e1ssica foram capazes de trabalhar o seu of\u00edcio articulando o plano art\u00edstico com as s\u00ednteses intelectuais que permitiam transformar as necessidades p\u00fablicas numa nova ordem est\u00e9tica, \u00e0 escala global das urbes sa\u00eddas da Idade M\u00e9dia. A pr\u00f3pria no\u00e7\u00e3o de cidade ideal se constitu\u00eda em cima das reflex\u00f5es do discurso renovador da intelig\u00eancia desse tempo, tomando a arquitectura como matriz dos processos ordenadores dos espa\u00e7os de cidadania, entendidos na tridimensionalidade natural do seu uso. Em Ferrara, a experi\u00eancia revestiu-se de contornos particulares. Situada em posi\u00e7\u00e3o estrat\u00e9gica, na vasta \u00e1rea agr\u00edcola do delta do rio P\u00f3, Ferrara tornou-se a mais importante capital da regi\u00e3o. Antes que o aluvi\u00e3o movesse o curso das \u00e1guas para outras paragens, o optimismo reinou, e acreditava-se que o progresso econ\u00f3mico e social, acompanhando o afluxo constante de novas popula\u00e7\u00f5es, determinaria o ininterrupto enriquecimento da cidade. Assim se compreende o enorme investimento em obras de infra-estruturas, como o desvio do curso principal do rio, a abertura de canais de cintura do n\u00facleo urbano ou a constru\u00e7\u00e3o de nova muralha defensiva segundo as mais sofisticadas t\u00e9cnicas militares, reservando amplos espa\u00e7os interiores para crescimento futuro. Vis\u00e3o larga de verdadeiros planeadores.<\/p>\n<p>O urbanismo de Biagio Rossetti foi perseguido na perfeita consci\u00eancia dos valores da arquitectura enquanto instrumentos do desenho urbano, em tons de vermelho-tijolo da tradi\u00e7\u00e3o medieval de Ferrara, a que acrescentou a marca escult\u00f3rica do m\u00e1rmore branco, s\u00edmbolo de classicismo e modernidade. N\u00e3o importa procurar outras personalidades como potenciais arquitectos criadores no contexto das transforma\u00e7\u00f5es urbanas encetadas nas duas \u00faltimas d\u00e9cadas de Quatrocentos e primeira de Quinhentos na cidade do delta do rio P\u00f3. O que pretendemos expressar atrav\u00e9s desta personalidade, como exemplo marcante, \u00e9 um movimento de cultura colectiva nos dom\u00ednios da experi\u00eancia urban\u00edstica particular desta comunidade em processo de transforma\u00e7\u00e3o do suporte f\u00edsico e simb\u00f3lico sobre que assentavam as suas vidas. Foi por isso que Ferrara foi lida como a primeira cidade moderna europeia e que a arquitectura ganhou definitivamente a dimens\u00e3o do desenho urbano pela qual pugnava Alberti.<\/p>\n<p>A Addizione Erculea foi um exemplo de tra\u00e7ado em planta enquanto projecto, depois adaptado sucessivamente \u00e0 realidade, conduzido como um plano regulador moderno. Os dois momentos definidos por Alberti para a arquitectura das cidades, o do projecto e o da execu\u00e7\u00e3o, tomaram-se aqui como duas opera\u00e7\u00f5es distintas. Foi s\u00f3 depois de ficar definida a dimens\u00e3o global e estrutura vi\u00e1ria da Terra Nova que Rossetti teve oportunidade de se concentrar no estudo dos atributos arquitect\u00f3nicos um por um, promovendo a regularidade proposta no plano com o car\u00e1cter da localiza\u00e7\u00e3o dos diferentes edif\u00edcios. Tal constituiu uma experi\u00eancia diametralmente oposta ao que Rosselino pode aplicar em Pienza, quando partiu da unidade arquitect\u00f3nica das propostas para o edificado de modo a chegar \u00e0 caracteriza\u00e7\u00e3o espacial e coerente da forma urbana.<\/p>","protected":false},"excerpt":{"rendered":"<p>Domingos Tavares<br \/>\nISBN 9789898217042<br \/>\nDafne<br \/>\nCapa mole, 141 pp, 15,0&#215;22,5 cm<br \/>\nPortuguese<br \/>\n2009<\/p>","protected":false},"featured_media":5222,"template":"","meta":{"ocean_post_layout":"","ocean_both_sidebars_style":"","ocean_both_sidebars_content_width":0,"ocean_both_sidebars_sidebars_width":0,"ocean_sidebar":"","ocean_second_sidebar":"","ocean_disable_margins":"enable","ocean_add_body_class":"","ocean_shortcode_before_top_bar":"","ocean_shortcode_after_top_bar":"","ocean_shortcode_before_header":"","ocean_shortcode_after_header":"","ocean_has_shortcode":"","ocean_shortcode_after_title":"","ocean_shortcode_before_footer_widgets":"","ocean_shortcode_after_footer_widgets":"","ocean_shortcode_before_footer_bottom":"","ocean_shortcode_after_footer_bottom":"","ocean_display_top_bar":"default","ocean_display_header":"default","ocean_header_style":"","ocean_center_header_left_menu":"","ocean_custom_header_template":"","ocean_custom_logo":0,"ocean_custom_retina_logo":0,"ocean_custom_logo_max_width":0,"ocean_custom_logo_tablet_max_width":0,"ocean_custom_logo_mobile_max_width":0,"ocean_custom_logo_max_height":0,"ocean_custom_logo_tablet_max_height":0,"ocean_custom_logo_mobile_max_height":0,"ocean_header_custom_menu":"","ocean_menu_typo_font_family":"","ocean_menu_typo_font_subset":"","ocean_menu_typo_font_size":0,"ocean_menu_typo_font_size_tablet":0,"ocean_menu_typo_font_size_mobile":0,"ocean_menu_typo_font_size_unit":"px","ocean_menu_typo_font_weight":"","ocean_menu_typo_font_weight_tablet":"","ocean_menu_typo_font_weight_mobile":"","ocean_menu_typo_transform":"","ocean_menu_typo_transform_tablet":"","ocean_menu_typo_transform_mobile":"","ocean_menu_typo_line_height":0,"ocean_menu_typo_line_height_tablet":0,"ocean_menu_typo_line_height_mobile":0,"ocean_menu_typo_line_height_unit":"","ocean_menu_typo_spacing":0,"ocean_menu_typo_spacing_tablet":0,"ocean_menu_typo_spacing_mobile":0,"ocean_menu_typo_spacing_unit":"","ocean_menu_link_color":"","ocean_menu_link_color_hover":"","ocean_menu_link_color_active":"","ocean_menu_link_background":"","ocean_menu_link_hover_background":"","ocean_menu_link_active_background":"","ocean_menu_social_links_bg":"","ocean_menu_social_hover_links_bg":"","ocean_menu_social_links_color":"","ocean_menu_social_hover_links_color":"","ocean_disable_title":"default","ocean_disable_heading":"default","ocean_post_title":"","ocean_post_subheading":"","ocean_post_title_style":"","ocean_post_title_background_color":"","ocean_post_title_background":0,"ocean_post_title_bg_image_position":"","ocean_post_title_bg_image_attachment":"","ocean_post_title_bg_image_repeat":"","ocean_post_title_bg_image_size":"","ocean_post_title_height":0,"ocean_post_title_bg_overlay":0.5,"ocean_post_title_bg_overlay_color":"","ocean_disable_breadcrumbs":"default","ocean_breadcrumbs_color":"","ocean_breadcrumbs_separator_color":"","ocean_breadcrumbs_links_color":"","ocean_breadcrumbs_links_hover_color":"","ocean_display_footer_widgets":"default","ocean_display_footer_bottom":"default","ocean_custom_footer_template":""},"product_brand":[],"product_cat":[110,52,51],"product_tag":[],"class_list":{"0":"post-5245","1":"product","2":"type-product","3":"status-publish","4":"has-post-thumbnail","6":"product_cat-arquitectos","7":"product_cat-arquitectura-pt","8":"product_cat-livros-em-portugues-pt","10":"entry","11":"has-media","13":"first","14":"instock","15":"sale","16":"taxable","17":"shipping-taxable","18":"purchasable","19":"product-type-simple","20":"col","21":"span_1_of_3","22":"owp-content-left","23":"owp-thumbs-layout-horizontal","24":"owp-btn-normal","25":"owp-tabs-layout-horizontal","26":"has-no-thumbnails","27":"circle-sale"},"_links":{"self":[{"href":"https:\/\/www.blaubookshop.com\/en\/wp-json\/wp\/v2\/product\/5245","targetHints":{"allow":["GET"]}}],"collection":[{"href":"https:\/\/www.blaubookshop.com\/en\/wp-json\/wp\/v2\/product"}],"about":[{"href":"https:\/\/www.blaubookshop.com\/en\/wp-json\/wp\/v2\/types\/product"}],"version-history":[{"count":1,"href":"https:\/\/www.blaubookshop.com\/en\/wp-json\/wp\/v2\/product\/5245\/revisions"}],"predecessor-version":[{"id":5338,"href":"https:\/\/www.blaubookshop.com\/en\/wp-json\/wp\/v2\/product\/5245\/revisions\/5338"}],"wp:featuredmedia":[{"embeddable":true,"href":"https:\/\/www.blaubookshop.com\/en\/wp-json\/wp\/v2\/media\/5222"}],"wp:attachment":[{"href":"https:\/\/www.blaubookshop.com\/en\/wp-json\/wp\/v2\/media?parent=5245"}],"wp:term":[{"taxonomy":"product_brand","embeddable":true,"href":"https:\/\/www.blaubookshop.com\/en\/wp-json\/wp\/v2\/product_brand?post=5245"},{"taxonomy":"product_cat","embeddable":true,"href":"https:\/\/www.blaubookshop.com\/en\/wp-json\/wp\/v2\/product_cat?post=5245"},{"taxonomy":"product_tag","embeddable":true,"href":"https:\/\/www.blaubookshop.com\/en\/wp-json\/wp\/v2\/product_tag?post=5245"}],"curies":[{"name":"wp","href":"https:\/\/api.w.org\/{rel}","templated":true}]}}

<p>Florença, Roma e Pienza marcaram os primeiros passos para a consciência dos processos de concepção colectiva das formas urbanas. Os arquitectos do renascimento da cultura clássica foram capazes de trabalhar o seu ofício articulando o plano artístico com as sínteses intelectuais que permitiam transformar as necessidades públicas numa nova ordem estética, à escala global das urbes saídas da Idade Média. A própria noção de cidade ideal se constituía em cima das reflexões do discurso renovador da inteligência desse tempo, tomando a arquitectura como matriz dos processos ordenadores dos espaços de cidadania, entendidos na tridimensionalidade natural do seu uso. Em Ferrara, a experiência revestiu-se de contornos particulares. Situada em posição estratégica, na vasta área agrícola do delta do rio Pó, Ferrara tornou-se a mais importante capital da região. Antes que o aluvião movesse o curso das águas para outras paragens, o optimismo reinou, e acreditava-se que o progresso económico e social, acompanhando o afluxo constante de novas populações, determinaria o ininterrupto enriquecimento da cidade. Assim se compreende o enorme investimento em obras de infra-estruturas, como o desvio do curso principal do rio, a abertura de canais de cintura do núcleo urbano ou a construção de nova muralha defensiva segundo as mais sofisticadas técnicas militares, reservando amplos espaços interiores para crescimento futuro. Visão larga de verdadeiros planeadores.</p>
<p>O urbanismo de Biagio Rossetti foi perseguido na perfeita consciência dos valores da arquitectura enquanto instrumentos do desenho urbano, em tons de vermelho-tijolo da tradição medieval de Ferrara, a que acrescentou a marca escultórica do mármore branco, símbolo de classicismo e modernidade. Não importa procurar outras personalidades como potenciais arquitectos criadores no contexto das transformações urbanas encetadas nas duas últimas décadas de Quatrocentos e primeira de Quinhentos na cidade do delta do rio Pó. O que pretendemos expressar através desta personalidade, como exemplo marcante, é um movimento de cultura colectiva nos domínios da experiência urbanística particular desta comunidade em processo de transformação do suporte físico e simbólico sobre que assentavam as suas vidas. Foi por isso que Ferrara foi lida como a primeira cidade moderna europeia e que a arquitectura ganhou definitivamente a dimensão do desenho urbano pela qual pugnava Alberti.</p>
<p>A Addizione Erculea foi um exemplo de traçado em planta enquanto projecto, depois adaptado sucessivamente à realidade, conduzido como um plano regulador moderno. Os dois momentos definidos por Alberti para a arquitectura das cidades, o do projecto e o da execução, tomaram-se aqui como duas operações distintas. Foi só depois de ficar definida a dimensão global e estrutura viária da Terra Nova que Rossetti teve oportunidade de se concentrar no estudo dos atributos arquitectónicos um por um, promovendo a regularidade proposta no plano com o carácter da localização dos diferentes edifícios. Tal constituiu uma experiência diametralmente oposta ao que Rosselino pode aplicar em Pienza, quando partiu da unidade arquitectónica das propostas para o edificado de modo a chegar à caracterização espacial e coerente da forma urbana.</p>
