{"id":6279,"date":"2024-08-28T20:55:25","date_gmt":"2024-08-28T20:55:25","guid":{"rendered":"https:\/\/www.blaubookshop.com\/?post_type=product&#038;p=6279"},"modified":"2024-08-30T19:05:40","modified_gmt":"2024-08-30T19:05:40","slug":"planeamento-cultural-urbano-em-areas-metropolitanas-revitalizacao-dos-espacos-pos-suburbanos","status":"publish","type":"product","link":"https:\/\/www.blaubookshop.com\/en\/product\/planeamento-cultural-urbano-em-areas-metropolitanas-revitalizacao-dos-espacos-pos-suburbanos\/","title":{"rendered":"Planeamento Cultural Urbano em \u00c1reas Metropolitanas: Revitaliza\u00e7\u00e3o dos espa\u00e7os p\u00f3s-suburbanos"},"content":{"rendered":"<p>O planeamento cultural urbano \u00e9 um processo estrat\u00e9gico hol\u00edstico, consubstanciado na dimens\u00e3o material e imaterial da cultura das pessoas e das comunidades locais, que reflete os atributos da identidade, hist\u00f3ria e sentido do lugar, refocando o desenvolvimento urbano atrav\u00e9s da sinergia entre o conte\u00fado cultural das cidades e o seu ambiente constru\u00eddo.<\/p>\n<p>As quest\u00f5es relacionadas com a cultura t\u00eam estado muito limitadas ao trabalho de preserva\u00e7\u00e3o e\/ou manuten\u00e7\u00e3o museol\u00f3gica do patrim\u00f3nio constru\u00eddo nos antigos e cl\u00e1ssicos centros urbanos.<\/p>\n<p>O conceito de p\u00f3s-suburbano, embora n\u00e3o esteja ainda estabilizado do ponto de vista te\u00f3rico ou t\u00e9cnico, pode ser entendido atrav\u00e9s da ideia defendida por Bruce B\u00e9gout como um espa\u00e7o urbano que excede a cidade central e que n\u00e3o pode continuar a ser visto como uma simples extens\u00e3o perif\u00e9rica que a cinta por todo o lado e se estende \u00e0 sua volta.<\/p>\n<p>Neste contexto, o voc\u00e1bulo cidade adquire um significado amb\u00edguo: dever-se-\u00e1 manter para designar toda a aglomera\u00e7\u00e3o urbana, ou somente o seu n\u00facleo central?<br \/>\nPode o planeamento cultural urbano ser entendido como instrumento da pol\u00edtica de ordenamento do territ\u00f3rio e do urbanismo, ao lado de outras figuras do planeamento urbano, que toma a cultura como refer\u00eancia para uma estrat\u00e9gia de forma\u00e7\u00e3o da identidade do territ\u00f3rio e das comunidades urbanas?<\/p>\n<p>Estas s\u00e3o quest\u00f5es que se colocam neste livro, a partir das quais se dirige uma investiga\u00e7\u00e3o cient\u00edfica vocacionada para a qualifica\u00e7\u00e3o dos espa\u00e7os das \u00e1reas metropolitanas e p\u00f3s-suburbanas.<\/p>","protected":false},"excerpt":{"rendered":"<p><span class=\"metafield-multi_line_text_field\">Carlos Almeida Marques (coord.)<\/span><br \/>\n9789896585860<br \/>\nCaleidosc\u00f3pio<br \/>\nBrochura, 368 pp, 17\u00a0 x 24 cm<br \/>\nPortuguese<br \/>\n2021<\/p>","protected":false},"featured_media":6284,"template":"","meta":{"ocean_post_layout":"","ocean_both_sidebars_style":"","ocean_both_sidebars_content_width":0,"ocean_both_sidebars_sidebars_width":0,"ocean_sidebar":"0","ocean_second_sidebar":"0","ocean_disable_margins":"enable","ocean_add_body_class":"","ocean_shortcode_before_top_bar":"","ocean_shortcode_after_top_bar":"","ocean_shortcode_before_header":"","ocean_shortcode_after_header":"","ocean_has_shortcode":"","ocean_shortcode_after_title":"","ocean_shortcode_before_footer_widgets":"","ocean_shortcode_after_footer_widgets":"","ocean_shortcode_before_footer_bottom":"","ocean_shortcode_after_footer_bottom":"","ocean_display_top_bar":"default","ocean_display_header":"default","ocean_header_style":"","ocean_center_header_left_menu":"0","ocean_custom_header_template":"0","ocean_custom_logo":0,"ocean_custom_retina_logo":0,"ocean_custom_logo_max_width":0,"ocean_custom_logo_tablet_max_width":0,"ocean_custom_logo_mobile_max_width":0,"ocean_custom_logo_max_height":0,"ocean_custom_logo_tablet_max_height":0,"ocean_custom_logo_mobile_max_height":0,"ocean_header_custom_menu":"0","ocean_menu_typo_font_family":"0","ocean_menu_typo_font_subset":"","ocean_menu_typo_font_size":0,"ocean_menu_typo_font_size_tablet":0,"ocean_menu_typo_font_size_mobile":0,"ocean_menu_typo_font_size_unit":"px","ocean_menu_typo_font_weight":"","ocean_menu_typo_font_weight_tablet":"","ocean_menu_typo_font_weight_mobile":"","ocean_menu_typo_transform":"","ocean_menu_typo_transform_tablet":"","ocean_menu_typo_transform_mobile":"","ocean_menu_typo_line_height":0,"ocean_menu_typo_line_height_tablet":0,"ocean_menu_typo_line_height_mobile":0,"ocean_menu_typo_line_height_unit":"","ocean_menu_typo_spacing":0,"ocean_menu_typo_spacing_tablet":0,"ocean_menu_typo_spacing_mobile":0,"ocean_menu_typo_spacing_unit":"","ocean_menu_link_color":"","ocean_menu_link_color_hover":"","ocean_menu_link_color_active":"","ocean_menu_link_background":"","ocean_menu_link_hover_background":"","ocean_menu_link_active_background":"","ocean_menu_social_links_bg":"","ocean_menu_social_hover_links_bg":"","ocean_menu_social_links_color":"","ocean_menu_social_hover_links_color":"","ocean_disable_title":"default","ocean_disable_heading":"default","ocean_post_title":"","ocean_post_subheading":"","ocean_post_title_style":"","ocean_post_title_background_color":"","ocean_post_title_background":0,"ocean_post_title_bg_image_position":"","ocean_post_title_bg_image_attachment":"","ocean_post_title_bg_image_repeat":"","ocean_post_title_bg_image_size":"","ocean_post_title_height":0,"ocean_post_title_bg_overlay":0.5,"ocean_post_title_bg_overlay_color":"","ocean_disable_breadcrumbs":"default","ocean_breadcrumbs_color":"","ocean_breadcrumbs_separator_color":"","ocean_breadcrumbs_links_color":"","ocean_breadcrumbs_links_hover_color":"","ocean_display_footer_widgets":"default","ocean_display_footer_bottom":"default","ocean_custom_footer_template":"0"},"product_brand":[],"product_cat":[52,51,153],"product_tag":[],"class_list":{"0":"post-6279","1":"product","2":"type-product","3":"status-publish","4":"has-post-thumbnail","6":"product_cat-arquitectura-pt","7":"product_cat-livros-em-portugues-pt","8":"product_cat-territorio-livros-em-portugues-pt","10":"entry","11":"has-media","13":"first","14":"instock","15":"sale","16":"taxable","17":"shipping-taxable","18":"purchasable","19":"product-type-simple","20":"col","21":"span_1_of_3","22":"owp-content-left","23":"owp-thumbs-layout-horizontal","24":"owp-btn-normal","25":"owp-tabs-layout-horizontal","26":"has-no-thumbnails","27":"circle-sale"},"_links":{"self":[{"href":"https:\/\/www.blaubookshop.com\/en\/wp-json\/wp\/v2\/product\/6279","targetHints":{"allow":["GET"]}}],"collection":[{"href":"https:\/\/www.blaubookshop.com\/en\/wp-json\/wp\/v2\/product"}],"about":[{"href":"https:\/\/www.blaubookshop.com\/en\/wp-json\/wp\/v2\/types\/product"}],"version-history":[{"count":2,"href":"https:\/\/www.blaubookshop.com\/en\/wp-json\/wp\/v2\/product\/6279\/revisions"}],"predecessor-version":[{"id":6404,"href":"https:\/\/www.blaubookshop.com\/en\/wp-json\/wp\/v2\/product\/6279\/revisions\/6404"}],"wp:featuredmedia":[{"embeddable":true,"href":"https:\/\/www.blaubookshop.com\/en\/wp-json\/wp\/v2\/media\/6284"}],"wp:attachment":[{"href":"https:\/\/www.blaubookshop.com\/en\/wp-json\/wp\/v2\/media?parent=6279"}],"wp:term":[{"taxonomy":"product_brand","embeddable":true,"href":"https:\/\/www.blaubookshop.com\/en\/wp-json\/wp\/v2\/product_brand?post=6279"},{"taxonomy":"product_cat","embeddable":true,"href":"https:\/\/www.blaubookshop.com\/en\/wp-json\/wp\/v2\/product_cat?post=6279"},{"taxonomy":"product_tag","embeddable":true,"href":"https:\/\/www.blaubookshop.com\/en\/wp-json\/wp\/v2\/product_tag?post=6279"}],"curies":[{"name":"wp","href":"https:\/\/api.w.org\/{rel}","templated":true}]}}

Planeamento Cultural Urbano em Áreas Metropolitanas: Revitalização dos espaços pós-suburbanos

<p>O planeamento cultural urbano é um processo estratégico holístico, consubstanciado na dimensão material e imaterial da cultura das pessoas e das comunidades locais, que reflete os atributos da identidade, história e sentido do lugar, refocando o desenvolvimento urbano através da sinergia entre o conteúdo cultural das cidades e o seu ambiente construído.</p>
<p>As questões relacionadas com a cultura têm estado muito limitadas ao trabalho de preservação e/ou manutenção museológica do património construído nos antigos e clássicos centros urbanos.</p>
<p>O conceito de pós-suburbano, embora não esteja ainda estabilizado do ponto de vista teórico ou técnico, pode ser entendido através da ideia defendida por Bruce Bégout como um espaço urbano que excede a cidade central e que não pode continuar a ser visto como uma simples extensão periférica que a cinta por todo o lado e se estende à sua volta.</p>
<p>Neste contexto, o vocábulo cidade adquire um significado ambíguo: dever-se-á manter para designar toda a aglomeração urbana, ou somente o seu núcleo central?<br />
Pode o planeamento cultural urbano ser entendido como instrumento da política de ordenamento do território e do urbanismo, ao lado de outras figuras do planeamento urbano, que toma a cultura como referência para uma estratégia de formação da identidade do território e das comunidades urbanas?</p>
<p>Estas são questões que se colocam neste livro, a partir das quais se dirige uma investigação científica vocacionada para a qualificação dos espaços das áreas metropolitanas e pós-suburbanas.</p>

<p><span class="metafield-multi_line_text_field">Carlos Almeida Marques (coord.)</span><br />
9789896585860<br />
Caleidoscópio<br />
Brochura, 368 pp, 17  x 24 cm<br />
Portuguese<br />
2021</p>
